{"id":3031,"date":"2021-09-22T21:06:49","date_gmt":"2021-09-22T21:06:49","guid":{"rendered":"https:\/\/www.pardosilver.com\/?page_id=3031"},"modified":"2021-09-28T00:13:00","modified_gmt":"2021-09-28T00:13:00","slug":"proyectos","status":"publish","type":"page","link":"https:\/\/www.pardosilver.com\/?page_id=3031","title":{"rendered":"Proyectos"},"content":{"rendered":"<p>[row]<\/p>\n<div class='content-column two_third'>[slider interval=\u00bb4000&#8243;]<br \/>\n[slideritem title=\u00bbtitle1&#8243; image=\u00bbhttps:\/\/www.pardosilver.com\/wp-content\/uploads\/2021\/09\/banner-1.png\u00bb][\/slideritem]<br \/>\n[slideritem title=\u00bbtitle2&#8243; image=\u00bbhttps:\/\/www.pardosilver.com\/wp-content\/uploads\/2021\/09\/banner-2.png\u00bb][\/slideritem]<br \/>\n[slideritem title=\u00bbtitle3&#8243; image=\u00bbhttps:\/\/www.pardosilver.com\/wp-content\/uploads\/2021\/09\/banner-3.png\u00bb][\/slideritem]<br \/>\n[\/slider]<\/div>\n<div class='content-column one_third'>[panel type=\u00bbwidgets\u00bb title=\u00bbProyectos\u00bb ]<\/p>\n<p style=\"text-align: justify; color: #0a0909;\">Estamos\u00a0orientados a concebir, definir y dise\u00f1ar la estrategia de las organizaciones ante procesos de cambio y transformaci\u00f3n empresarial\u00a0que, por su complejidad, requieran alinear los \u00e1mbitos de negocio, gesti\u00f3n, organizaci\u00f3n y tecnolog\u00eda:<\/p>\n<ol style=\"font-size: 12px;\">\n<li style=\"color: #4e4a4a; line-height: 15px;\">Diagnosticando problemas o aspectos que pueden ser optimizados<\/li>\n<li style=\"color: #4e4a4a; line-height: 15px;\">Definiendo las soluciones y mejoras que deben realizarse<\/li>\n<li style=\"color: #4e4a4a; line-height: 15px;\">Estableciendo metas<\/li>\n<li style=\"color: #4e4a4a; line-height: 15px;\">Trazando caminos para alcanzar los resultados.<\/li>\n<\/ol>\n<p>[\/panel]<\/p><\/div>\n<p>[\/row]<\/p>\n<p>[row]<br \/>\n[one_whole][portlist title=\u00bbRelated Projects\u00bb limit=\u00bb6&#8243; featured=\u00bb0&#8243;\/][\/one_whole]<br \/>\n[\/row]<\/p>\n","protected":false},"excerpt":{"rendered":"<p>[row] [\/row] [row] [one_whole][portlist title=\u00bbRelated Projects\u00bb limit=\u00bb6&#8243; featured=\u00bb0&#8243;\/][\/one_whole] [\/row]<\/p>\n","protected":false},"author":1,"featured_media":0,"parent":0,"menu_order":0,"comment_status":"open","ping_status":"open","template":"","meta":{"_et_pb_use_builder":"","_et_pb_old_content":"","_et_gb_content_width":"","footnotes":""},"class_list":["post-3031","page","type-page","status-publish","hentry"],"_links":{"self":[{"href":"https:\/\/www.pardosilver.com\/index.php?rest_route=\/wp\/v2\/pages\/3031","targetHints":{"allow":["GET"]}}],"collection":[{"href":"https:\/\/www.pardosilver.com\/index.php?rest_route=\/wp\/v2\/pages"}],"about":[{"href":"https:\/\/www.pardosilver.com\/index.php?rest_route=\/wp\/v2\/types\/page"}],"author":[{"embeddable":true,"href":"https:\/\/www.pardosilver.com\/index.php?rest_route=\/wp\/v2\/users\/1"}],"replies":[{"embeddable":true,"href":"https:\/\/www.pardosilver.com\/index.php?rest_route=%2Fwp%2Fv2%2Fcomments&post=3031"}],"version-history":[{"count":17,"href":"https:\/\/www.pardosilver.com\/index.php?rest_route=\/wp\/v2\/pages\/3031\/revisions"}],"predecessor-version":[{"id":3160,"href":"https:\/\/www.pardosilver.com\/index.php?rest_route=\/wp\/v2\/pages\/3031\/revisions\/3160"}],"wp:attachment":[{"href":"https:\/\/www.pardosilver.com\/index.php?rest_route=%2Fwp%2Fv2%2Fmedia&parent=3031"}],"curies":[{"name":"wp","href":"https:\/\/api.w.org\/{rel}","templated":true}]}}